test common factor of 102750 and 47539?
137
Calculate the greatest common divisor of 105 and 2615200.
35
What is the greatest common divisor of 205163 and 19355?
3871
What is the highest common divisor of 131629225 and 2275?
2275
What is the highest common divisor of 13311 and 1315494?
459
Calculate the highest common divisor of 207845 and 25531.
11
Calculate the greatest common factor of 399 and 3116169.
21
What is the greatest common divisor of 108794 and 7362?
818
What is the greatest common divisor of 45562 and 88775486?
4142
Calculate the greatest common divisor of 39680 and 1007360.
1280
Calculate the highest common factor of 24743507 and 367.
367
What is the highest common factor of 49 and 5067125?
7
What is the greatest common factor of 428022 and 41538?
1806
Calculate the greatest common divisor of 160584808 and 152.
152
Calculate the greatest common divisor of 49155 and 26123905.
565
Calculate the greatest common divisor of 1163 and 284935.
1163
Calculate the greatest common factor of 41894220 and 8240.
2060
Calculate the greatest common factor of 30149781 and 131.
131
What is the highest common factor of 181777362 and 204?
102
What is the highest common factor of 12978 and 8004?
6
Calculate the highest common divisor of 273 and 152097699.
39
What is the greatest common factor of 1450 and 3351646?
58
What is the greatest common factor of 4914 and 6306118?
182
Calculate the highest common factor of 5390996 and 286208.
2236
Calculate the highest common factor of 3756 and 873583.
313
Calculate the highest common divisor of 11682 and 492827.
59
What is the greatest common divisor of 111916194 and 133?
19
Calculate the highest common divisor of 224 and 47845664.
32
What is the highest common divisor of 38 and 191768634?
38
What is the greatest common divisor of 561 and 1027497?
51
What is the highest common factor of 28640 and 257548064?
5728
Calculate the greatest common factor of 4586701 and 77.
7
Calculate the greatest common divisor of 43 and 93829440.
43
Calculate the greatest common divisor of 6318026 and 18590.
286
What is the highest common divisor of 409764 and 55032?
12
What is the greatest common divisor of 1532 and 126027682?
766
What is the greatest common divisor of 52446420 and 30225?
6045
What is the highest common divisor of 48020 and 79240?
140
Calculate the greatest common factor of 24466671 and 497.
71
Calculate the greatest common divisor of 22628596 and 828.
92
Calculate the greatest common divisor of 43366070 and 1499.
1499
What is the greatest common factor of 108602884 and 52?
52
What is the highest common divisor of 350898 and 2668632?
1506
What is the greatest common factor of 10675616 and 32?
32
What is the highest common divisor of 3744 and 263253?
3
What is the greatest common divisor of 21114 and 595170?
306
Calculate the highest common divisor of 117 and 13767364.
13
Calculate the greatest common divisor of 100 and 24625775.
25
What is the greatest common factor of 1149170069 and 758?
379
What is the highest common divisor of 59748 and 7800?
156
Calculate the highest common divisor of 124 and 2160803974.
62
Calculate the highest common factor of 26540 and 3576.
4
Calculate the greatest common divisor of 40 and 492665.
5
Calculate the greatest common divisor of 8 and 9975352.
8
What is the highest common divisor of 391 and 35898377?
23
What is the greatest common factor of 15672991 and 4766?
2383
Calculate the greatest common factor of 28 and 150160234.
14
What is the highest common factor of 2016258 and 83496?
426
What is the highest common divisor of 16585 and 1179457?
31
What is the highest common factor of 23936 and 51656?
88
Calculate the highest common divisor of 25345275 and 80475.
2175
Calculate the highest common divisor of 221309769 and 8662.
4331
Calculate the greatest common divisor of 367000 and 206254.
734
What is the greatest common factor of 26397074 and 143418?
1166
Calculate the greatest common divisor of 6934383 and 1422.
711
Calculate the highest common divisor of 15334 and 2706000.
902
What is the greatest common factor of 203 and 220817571?
29
What is the greatest common divisor of 28117092 and 30?
6
Calculate the highest common divisor of 35 and 141535072.
7
What is the highest common divisor of 147 and 636111?
21
What is the greatest common divisor of 168 and 2261144?
8
Calculate the greatest common factor of 22820 and 893900.
140
Calculate the highest common factor of 18 and 1008052.
2
Calculate the greatest common factor of 216342610 and 3190.
3190
What is the greatest common factor of 93 and 128697?
3
Calculate the greatest common factor of 8897 and 7859249.
41
Calculate the greatest common divisor of 1719312 and 4488.
408
Calculate the greatest common divisor of 2038568 and 14868.
1652
Calculate the greatest common factor of 79989360 and 2952.
984
Calculate the greatest common divisor of 20923295 and 2015.
155
Calculate the highest common divisor of 5914152 and 264.
24
What is the highest common factor of 50558 and 777701?
1487
Calculate the greatest common divisor of 224 and 32026288.
112
What is the highest common factor of 132505720 and 80?
40
Calculate the highest common divisor of 74916 and 72375099.
6243
What is the highest common factor of 73300 and 58350?
50
Calculate the highest common divisor of 106930100 and 2022.
674
What is the highest common divisor of 2883 and 5111156?
31
Calculate the highest common divisor of 243 and 6052590.
27
What is the greatest common divisor of 3077235 and 8?
1
What is the highest common factor of 1099455492 and 60?
12
Calculate the greatest common factor of 6970 and 103786088.
1394
Calculate the highest common factor of 2256 and 293772.
12
What is the highest common factor of 27083 and 266378?
371
What is the highest common divisor of 3526208 and 521696?
3808
Calculate the greatest common factor of 427 and 72591281.
427
What is the greatest common factor of 119392 and 209027?
91
What is the highest common factor of 1320 and 849981?
33
Calculate the greatest common divisor of 3413431433 and 206.
103
What is the highest common divisor of 673496 and 70064?
232
What is the highest common divisor of 3948 and 194489760?
564
What is the highest common divisor of 2980 and 9394020?
20
What is the greatest common divisor of 182 and 9731813?
91
Calculate the greatest common factor of 99 and 22167882.
99
What is the highest common divisor of 8100 and 102660?
60
What is the highest common divisor of 215 and 317365?
5
Calculate the greatest common factor of 19068960 and 195.
15
Calculate the highest common factor of 4161135 and 957.
33
What is the highest common factor of 268 and 28691276?
268
Calculate the highest common factor of 1048175069 and 1054.
527
What is the highest common factor of 211497 and 8688108?
429
Calculate the highest common divisor of 98 and 18763276.
98
What is the greatest common factor of 339040 and 2431520?
2080
Calculate the greatest common divisor of 14960970 and 20.
10
What is the greatest common factor of 12893768 and 155?
31
What is the highest common divisor of 1843604 and 16604?
28
Calculate the greatest common divisor of 592 and 28128.
16
What is the greatest common divisor of 1833 and 48621829?
47
What is the highest common factor of 72970287 and 7566?
3783
Calculate the greatest common factor of 11804130 and 247.
247
Calculate the greatest common factor of 2639553920 and 640.
640
Calculate the greatest common divisor of 14959577 and 1306.
653
Calculate the highest common factor of 16262 and 3366580.
346
What is the highest common divisor of 4194547 and 8735?
1747
Calculate the highest common divisor of 2508 and 51053.
19
What is the greatest common divisor of 8328281 and 3033?
337
What is the highest common divisor of 63921 and 1119288?
447
Calculate the highest common factor of 19 and 426229793.
19
Calculate the greatest common factor of 68206864 and 32.
16
What is the highest common factor of 14600 and 1110650?
50
Calculate the greatest common factor of 1024365 and 684363.
4359
What is the highest common factor of 1928 and 2908?
4
Calculate the greatest common factor of 3528054 and 522.
18
What is the greatest common divisor of 406 and 37604938?
406
Calculate the highest common factor of 194134 and 45878.
226
Cal